tens digit of z?
2
Suppose 26*u - 27*u = 40. Let f = u + -89. Let l = 191 + f. What is the tens digit of l?
6
Suppose -h - 101 = -108. Let x(l) = 7*l**3 - 22*l**2 + 8*l + 3. What is the thousands digit of x(h)?
1
Let f = -41 - -42. Let y(j) be the third derivative of 9*j**4/8 + 2*j**3/3 + 12*j**2. What is the tens digit of y(f)?
3
What is the ten thousands digit of 77 - 76 - (0 - 10695)?
1
Suppose 0 = -5*g - t - 43195 + 167944, -2*g = 5*t - 49872. What is the thousands digit of g?
4
Let l be 2/((-10)/81) - (-64)/(-80). Let q = l + 43. Let o = 73 - q. What is the units digit of o?
7
Let g(d) be the third derivative of d**5/60 - 5*d**4/24 - 3*d**3/2 - 30*d**2. Let k be g(-2). What is the hundreds digit of 3/((-3)/(-220)) + k?
2
What is the units digit of (-733 + 1)/(-3*(-26)/(-1352))?
8
Let o(c) = 103*c + 54. Let u be (2 - 10/(-2)) + 7 + -11. What is the tens digit of o(u)?
6
Let r = -476 - -388. What is the tens digit of (2 - (-5092)/11) + (-8)/r?
6
Suppose 4*m + 504 = -4*x, -3*m - 8*x - 386 = -3*x. Let a = -117 - m. Suppose s - 2*r - r - 146 = 0, 3*r + 778 = a*s. What is the tens digit of s?
5
Let o = 2 - 1. Let z be (13 - 11) + -4*8. What is the tens digit of z/(1/2 - (o - 0))?
6
Suppose 0 = 2*o - 980 - 280. Let s = o + -277. What is the units digit of s?
3
Suppose 5*s + 110 = 410. Suppose 0 = 120*x - 108*x - s. What is the units digit of x?
5
Suppose -4*n = 25 - 33. Suppose -n*x + 179 = 5*l - 272, -4*l + 12 = 0. What is the tens digit of x?
1
Suppose -l + 9 = -4*l. Let z be (5/(-2))/((-5)/(-180)*l). Let m = 106 - z. What is the units digit of m?
6
Let s(t) = t**3 - 7*t**2 + 2*t + 5. Let b be s(7). Let i = b + 350. What is the tens digit of i?
6
What is the thousands digit of 5*2*(-2)/4 + 14457 + 471?
4
Suppose -2*b = -4*b + 3*b. Suppose b = 9*u + 79 - 2311. What is the hundreds digit of u?
2
Let b = -35 + -301. What is the tens digit of -2*(b + (5 - 5))?
7
Let g = -15 - -19. Suppose 5*v = -g*z - 107 + 3269, 4*z = 2*v - 1276. What is the tens digit of v?
3
Suppose k = -5*x + 281654, 0 = 5*x + 95*k - 100*k - 281660. What is the tens digit of x?
3
Suppose 0 = -f - 5*i + 6174, 132*f + 6183 = 133*f + 2*i. What is the thousands digit of f?
6
Let n(c) be the second derivative of 0 + 41/3*c**3 - 5*c**2 - 22*c. What is the hundreds digit of n(3)?
2
Suppose 0 = 2*z - 3*y - 149, 18 = 3*z - 3*y - 207. Let w = 64 + 7. Let f = z - w. What is the units digit of f?
5
Suppose -5*o + 39 = -11. Suppose 3 = -b - o. Let y(z) = -14*z + 10. What is the tens digit of y(b)?
9
Let m = 66 - 60. Suppose 1848 = -m*f - f. Let u = -159 - f. What is the units digit of u?
5
Suppose -s + 103 + 126 = -2*b, 3*b = 5*s - 1152. Suppose 0*j - 4*r - s = -5*j, -2*r = 3*j - 143. What is the units digit of j?
7
Suppose -26*i + 20*i - 239598 = -33*i. What is the tens digit of i?
7
Let b(v) be the second derivative of 5*v**4/8 - 11*v**3/3 + 9*v**2 - 14*v. Let z(c) be the first derivative of b(c). What is the tens digit of z(5)?
5
Let t(c) = -25*c + 218. Let i be t(9). What is the hundreds digit of (-132)/(-28) + -5 - 3061/i?
4
Let a(d) = -2*d**2 - 173*d - 66. What is the tens digit of a(-74)?
8
What is the units digit of (138/(-115))/((-10)/45425)?
1
Suppose 4*z - 5 = 23. Let n = z + -7. Suppose n = 3*u + 4*u - 490. What is the tens digit of u?
7
Suppose 23*m = 26*m + 3*n - 25239, -2*m + 4*n = -16850. What is the thousands digit of m?
8
Let n be (3*(-2)/(-6))/(8/32). Suppose -m = -n*y + 1431, 5*m = 5*y + m - 1797. What is the hundreds digit of y?
3
Suppose -287*t + 14252155 = 4478657. What is the ten thousands digit of t?
3
Suppose 0 = -4*l - i + 154, 3*l - 58 = -5*i + 66. Let t = l - 46. What is the units digit of (2 - -18)*(-30)/t?
5
Let g be (0 - 2 - -5) + 71. Suppose 0 = 2*t, 0 = 5*x - 3*t + 938 - 2308. Let m = x - g. What is the units digit of m?
0
Suppose 24*x - 8*x = 112. Let m(f) = -f**3 + 9*f**2 - 15*f + 11. What is the units digit of m(x)?
4
Suppose -6*j + 265706 = -23*n + 21*n, -44311 = -j - 3*n. What is the tens digit of j?
8
Suppose -2*t - 16 = -3*m, -3*m - 2*m + 35 = -5*t. What is the tens digit of ((-1644)/(-10))/m*200/20?
2
Suppose -3*t + 3961 = 5*s - 0*t, -s + 781 = -5*t. Let u = -153 + s. What is the units digit of u?
8
Let o(y) = 75*y + 31. Let a be o(7). Suppose 128 + a = 4*v. What is the hundreds digit of v?
1
Suppose 3 = -18*n + 19*n. Let u(z) = -5*z - 3*z**2 + 4*z**2 - 3*z**n + 14 - 10*z**2. What is the tens digit of u(-5)?
8
Let t(y) = -y**3 + 16*y**2 + 10. Let o be t(16). Suppose -2*a - o + 0 = 0, 5*b - 5*a - 3730 = 0. What is the units digit of b?
1
Let w be (-416)/9 + (-24)/(-108). Let u = -42 - w. What is the tens digit of (-2 + 124/u)*1?
2
Let r be ((-12)/10)/((-48)/240). Let u be (1 - 1) + 0 + 5. Suppose -u*a + r*a - 97 = 0. What is the units digit of a?
7
Suppose -a + 81499 = -185*v + 182*v, -5*a + 407552 = 4*v. What is the units digit of a?
8
Let v = -7 - -19. Suppose 0 = -17*w + v*w + 865. Let c = 268 - w. What is the units digit of c?
5
Suppose -2*n - 15 = -5*n. Suppose 2*s + 27 = -n*i, 0 = 4*i - 2*s + 1 + 35. Let d(r) = -24*r - 7. What is the tens digit of d(i)?
6
Suppose -30*a = -38*a - 12*a + 563480. What is the ten thousands digit of a?
2
Let l be (2 - 6) + (10 + -28)/9. Let c(u) = -158*u - 308. What is the hundreds digit of c(l)?
6
Let g = 11014 - -2016. What is the units digit of g?
0
Suppose 5*o - 2 = 7*o. Let y be (173 + (-2)/(-1 + o))*1. Suppose -3*j + y + 15 = 0. What is the tens digit of j?
6
Suppose 3*g - 2*g - 5 = -5*n, 2 = 4*g + 2*n. Suppose -u + g*u + 62 = -5*h, 12 = -4*h. What is the tens digit of u?
4
Suppose -4*o - 19896 = -2*o - 26*o. What is the units digit of o?
9
Suppose -15 = -6*c + c. Suppose 2*d + 0*d = c*j - 647, 5*d = 25. What is the units digit of j?
9
Let l = -30 + -26. Let o be (l + -6)/(-3 + 1). Suppose o*u - 32*u = -17. What is the units digit of u?
7
Let p = -5827 - -7868. What is the tens digit of p?
4
Let f = -13873 + 20602. What is the tens digit of f?
2
Let w(p) = -p**3 + 5*p**2 + 9*p - 18. Let c be w(6). Suppose -v + 2 = -c. Suppose v*x = -2*n + 17 - 7, -3*n + x = -7. What is the units digit of n?
3
Let q(w) = -w**3 + 43*w**2 + 452*w - 155. What is the thousands digit of q(46)?
4
Suppose -18*i + 16*i = -d + 5, 5*d - 20 = 5*i. Suppose -d*n - 57362 = -61*n. What is the hundreds digit of n?
9
Let r = 0 + 1. What is the units digit of (2 + 1199/(-33))*(r + -19)?
8
Let u = -4 - -7. Suppose -49*n + 24 = -45*n - 4*o, 0 = -n - 5*o + 12. Suppose -u*i = -n*i + 268. What is the units digit of i?
7
Suppose 2*u = 2*q + 57904, -23 = -5*q - 28. What is the thousands digit of u?
8
Suppose -4*x - 12 = -3*z, 4*x + 3*z - 22 = -58. Let o be x/(-42)*-2*-119. Suppose 3*d = 2*p - 102, -5*p - 3*d - o = -310. What is the tens digit of p?
5
Suppose 2*s = -5*s - 2849. Let m = -183 - s. What is the hundreds digit of m?
2
Let d(l) = 7*l + 2. Let c be d(1). Let g be -4*((-45)/4)/c. Suppose g*r - 4*u - 138 = 0, 15*u - 22 = -r + 13*u. What is the units digit of r?
6
Suppose 2*b + 638 + 1898 = 0. What is the tens digit of b/(-6)*(33 - 30)?
3
Suppose 9073 = 2*n - 5*x, 3289 = n + 2*x - 1216. What is the units digit of n?
9
Suppose -16*b = -11*b - 30. Let r be (-2)/(-4 - (-20)/b). What is the units digit of (-28 - 4)/(r/(-6))?
4
Let m(w) = 35*w + 201. Let y be (0 - 33/(-11)) + 0 + 18. What is the tens digit of m(y)?
3
Let d = 21916 + -6224. What is the tens digit of d?
9
Let u be ((-42)/36)/(1/(-6)). Let w be 100/2 - 28/u. Let o = w + 11. What is the tens digit of o?
5
What is the hundreds digit of (((-2)/(-6))/1)/(((-49)/693672)/(-7))?
0
Suppose 2*y + 216 = 4*u - 0*u, -5*y - 588 = 2*u. Suppose 19*g - 4*f = 14*g - 361, 219 = -3*g + 3*f. Let p = g - y. What is the units digit of p?
7
Suppose -3*r = r + 72. Let o be 16/(-72) + (-32)/18. What is the units digit of ((-1980)/r)/(o*(-1 - 0))?
5
Let q(z) = -4*z - 8. Let y be q(3). What is the hundreds digit of (-9)/(-3) + (y - -228)?
2
Let j be 2 - 4 - (-2 - 1597)/(-3). Let n = j + 1094. What is the hundreds digit of n?
5
Suppose -3*t + 5*g = -115, 5*t - g - 3*g - 183 = 0. Suppose 3*s + t = 4*s. Let o = 102 - s. What is the units digit of o?
7
What is the ten thousands digit of 32351 + 0 + 66 + -65 + 3?
3
Let o(h) = 22*h**2 + 121*h + 3074. What is the tens digit of o(-28)?
3
Let a(w) = 2450*w + 16426. W